021. Calculate r(-167).
17
Let f(i) = -2*i**2 - 118*i - 341. What is f(-64)?
-981
Let x(v) = 2872*v - 8638. Calculate x(3).
-22
Let c(a) = -1343*a + 5357. Determine c(4).
-15
Let v(q) = -5*q**2 - 30*q - 44. Give v(-7).
-79
Let n(h) = -4*h**2 - 164*h + 143. Give n(-42).
-25
Let n(x) = -2*x**3 + 8*x**2 + 147*x - 682. What is n(5)?
3
Let x(z) = -5*z + 213. What is x(16)?
133
Let s(c) = -7*c**2 + 2*c + 32. What is s(3)?
-25
Let f(l) = -6*l**2 + 180*l + 14. Determine f(30).
14
Let v(g) = -567*g**2 + 1132*g - 5. What is v(2)?
-9
Let j(r) = -r**2 + 33*r + 20. Calculate j(11).
262
Let h(i) = -2*i**3 - 6*i**2 + i - 64. Give h(-5).
31
Let z(r) = 7*r + 292. Calculate z(-44).
-16
Let d(o) = -o**3 - 16*o**2 + 18*o + 26. Calculate d(-17).
9
Let j(p) = -32*p + 77. Determine j(16).
-435
Let q(k) = 17*k**2 - 15*k + 89. Give q(5).
439
Let z(s) = 2*s**2 + 47*s + 236. Determine z(-14).
-30
Let y(j) = j**3 - 41*j**2 - 85*j - 57. What is y(43)?
-14
Let r(f) = 18*f - 651. Give r(36).
-3
Let t(k) = -2*k**2 + 79*k + 599. Determine t(46).
1
Let k(o) = -3*o**2 + 384*o + 383. Determine k(-1).
-4
Let z(y) = -13*y**2 - 4*y + 24. Calculate z(5).
-321
Let x(a) = -137*a + 271. Calculate x(3).
-140
Let k(q) = -q**3 - 28*q**2 + 197*q + 38. Determine k(6).
-4
Let g(w) = 8*w**2 + 16*w - 4. What is g(-3)?
20
Let u(b) = b**3 - 6*b**2 - 2*b - 39. Determine u(6).
-51
Let p(b) = 17*b**2 - 1242*b - 3883. Give p(-3).
-4
Let t(i) = -179*i - 9911. Calculate t(-55).
-66
Let b(f) = -164*f - 3446. Calculate b(-22).
162
Let j(h) = 15*h**2 + 1011*h + 2018. Give j(-2).
56
Let v(p) = -7*p**2 - 13*p + 4. Calculate v(-4).
-56
Let m(w) = 33*w**3 - w**2 - 3*w - 2. What is m(2)?
252
Let n(j) = 53*j - 907. Give n(27).
524
Let x(a) = -24*a + 1686. What is x(71)?
-18
Let t(p) = 127*p - 12574. Determine t(99).
-1
Let v(f) = 117*f + 911. Calculate v(-6).
209
Let a(r) = -263*r + 1064. What is a(4)?
12
Let k(i) = 23*i**2 + 277*i + 257. Give k(-1).
3
Let w(f) = -150*f**2 - 8400*f - 1. Give w(-56).
-1
Let i(s) = 8*s**3 - 2*s**2 + 2*s + 3. Give i(-2).
-73
Let c(n) = 24*n**2 - 599*n - 27. Determine c(25).
-2
Let v(h) = -336*h - 2630. What is v(-8)?
58
Let m(r) = -61*r - 357. Give m(-6).
9
Let i(l) = 1060*l + 2122. Determine i(-2).
2
Let c(o) = o**2 + 78*o + 44. Give c(-75).
-181
Let s(r) = -153*r + 16518. Determine s(108).
-6
Let l(d) = -d**3 - 60*d**2 + 2*d - 287. Determine l(-60).
-407
Let k(o) = -o**3 - 12*o**2 - 136*o - 1414. Give k(-11).
-39
Let q(r) = -6*r**2 - 279*r - 1421. Calculate q(-6).
37
Let m(l) = -l**2 - 85*l - 493. Calculate m(-75).
257
Let o(h) = -2*h**2 + 35*h - 186. What is o(13)?
-69
Let c(p) = 4*p - 168. Give c(17).
-100
Let t(s) = 25*s + 37. Calculate t(7).
212
Let k(d) = d**3 + 82*d**2 + 1535*d + 637. Give k(-28).
-7
Let d(n) = 8*n + 12. Calculate d(-2).
-4
Let l(j) = j**3 - 22*j**2 - 43*j + 941. What is l(22)?
-5
Let t(g) = 26*g**2 - 107*g + 11. What is t(4)?
-1
Let p(a) = a**3 + 42*a**2 - 83*a + 124. Give p(-44).
-96
Let f(a) = -a**3 + a**2 - 125*a + 551. Calculate f(4).
3
Let v(t) = 50*t + 28. Calculate v(-4).
-172
Let o(g) = -75*g - 320. Give o(-3).
-95
Let s(k) = -13*k**2 - 290*k - 65. What is s(-22)?
23
Let x(h) = -2*h**3 + 126*h**2 - h + 54. Calculate x(63).
-9
Let j(b) = 5*b**2 - 19*b + 87. Calculate j(6).
153
Let f(x) = 5*x**2 - 15*x + 29. Give f(2).
19
Let i(a) = a**2 - 80*a - 696. Give i(88).
8
Let v(f) = 11*f**2 - 334*f + 723. What is v(28)?
-5
Let x(o) = 47*o - 29. Give x(-2).
-123
Let q(c) = -5*c**3 + 395*c**2 - 393*c + 240. Calculate q(78).
6
Let i(n) = -n**3 - 2*n**2 + 15*n - 6. Calculate i(-5).
-6
Let m(y) = -63*y**2 - 256*y - 19. Determine m(-4).
-3
Let i(b) = 1903*b + 15223. Give i(-8).
-1
Let v(h) = -35*h**2 + 212*h - 211. What is v(1)?
-34
Let b(z) = -486*z - 2101. Calculate b(-4).
-157
Let h(b) = 149*b - 2382. Give h(16).
2
Let g(w) = w**3 - 3*w**2 - 28*w + 82. Determine g(7).
82
Let b(i) = -222*i + 4869. Determine b(22).
-15
Let r(y) = 9*y + 116. Calculate r(15).
251
Let o(j) = -2*j**2 - 5*j + 38. What is o(8)?
-130
Let a(j) = j**3 - 34*j**2 + 57*j - 772. What is a(33)?
20
Let o(x) = -12*x**2 - 174*x - 347. Calculate o(-2).
-47
Let r(i) = 3*i**3 + 23*i**2 - 103*i + 3. Give r(7).
1438
Let u(x) = 14*x**2 + 539*x - 281. Determine u(-39).
-8
Let f(z) = z**3 + 88*z**2 - 364*z + 356. Calculate f(-92).
-12
Let f(w) = -4*w**3 + 22*w**2 + 7*w - 51. Give f(5).
34
Let y(o) = -3*o**3 - 56*o**2 + 355*o - 13. Calculate y(5).
-13
Let k(j) = 1004*j - 7033. What is k(7)?
-5
Let i(k) = 265*k - 1839. Determine i(7).
16
Let a(f) = 2*f**2 + 143*f - 663. Give a(-76).
21
Let f(c) = -c**3 - 22*c + 70. What is f(3)?
-23
Let t(a) = 4*a + 88. Calculate t(-5).
68
Let o(y) = y**3 + 10*y**2 + 8*y - 23. Calculate o(-9).
-14
Let c(r) = 3*r**2 + 25*r - 107. What is c(-11)?
-19
Let d(k) = k**2 - 288*k - 1171. Determine d(-4).
-3
Let b(o) = -4*o**3 - 8*o**2 + 16*o - 11. Give b(2).
-43
Let b(j) = -j**3 - 20*j**2 + 144*j + 2957. Calculate b(-20).
77
Let l(y) = y**3 - 69*y**2 + 80*y - 441. Calculate l(68).
375
Let v(j) = 5*j**3 + 59*j**2 - 24*j - 22. What is v(-12)?
122
Let g(y) = 12*y**2 - 61*y + 339. What is g(6)?
405
Let k(a) = 27*a + 1281. What is k(-48)?
-15
Let u(i) = -3*i**2 - 107*i - 597. Determine u(-7).
5
Let s(f) = 18*f**2 + 38*f - 148. Give s(2).
0
Let v(u) = u**3 + 43*u**2 - 40*u + 168. Give v(-44).
-8
Let f(r) = r**2 - 177*r + 520. What is f(3)?
-2
Let h(r) = -2297*r + 9240. Calculate h(4).
52
Let y(b) = -9*b**2 - 114*b + 113. Calculate y(1).
-10
Let u(i) = -i**2 - 47*i - 513. Calculate u(-24).
39
Let c(b) = -b**3 - 25*b**2 - 107*b - 4. Give c(-19).
-137
Let l(d) = d**3 - 307*d**2 + 8066*d - 119. Give l(29).
-3
Let w(p) = -5*p**2 - 732*p - 11552. What is w(-18)?
4
Let g(k) = 41*k - 2740. Calculate g(66).
-34
Let t(w) = -w**3 + 3*w**2 + 12*w - 19. Determine t(-5).
121
Let i(p) = -565*p + 1008. Calculate i(2).
-122
Let k(r) = 5*r**2 + 73*r - 248. Determine k(4).
124
Let i(j) = j**2 + 19*j - 1198. What is i(27)?
44
Let x(o) = o**3 - 24*o**2 + 10*o + 131. What is x(23)?
-168
Let j(h) = -h**2 + 260*h + 11313. Calculate j(-38).
-11
Let n(q) = -q**3 + 14*q**2 - 6*q - 29. Determine n(12).
187
Let d(h) = h**2 + 2*h - 235. What is d(14)?
-11
Let w(n) = 122*n - 5854. Calculate w(48).
2
Let p(l) = -l**3 + 28*l**2 - 64*l - 18. What is p(26)?
-330
Let l(c) = -251*c + 9. Give l(-1).
260
Let s(m) = -m**2 - 30*m + 1881. Determine s(-61).
-10
Let c(w) = -w**3 + 43*w**2 - 42*w - 18. What is c(42)?
-18
Let w(h) = -7*h**2 - 350*h + 97. Give w(-50).
97
Let c(m) = -m**3 + 35*m**2 + 13*m - 1604. Calculate c(34).
-6
Let d(r) = 4*r**2 - 5*r - 31. What is d(4)?
13
Let y(z) = 2*z**3 + 10*z**2 - 10*z + 28. What is y(-6)?
16
Let m(l) = l**3 + 6*l**2 - 40*l - 223. What is m(-8)?
-31
Let g(o) = -14*o**2 + 459*o + 92. Calculate g(33).
-7
Let y(s) = 530*s + 3184. Determine y(-6).
4
Let w(s) = 15*s - 68. Give w(-10).
-218
Let d(m) = m**2 + 375*m + 17069. Calculate d(-53).
3
Let y(i) = -61*i - 16. Give y(2).
-138
Let i(z) = -3*z**2 + 11*z + 231. Calculate i(-8).
-49
Let b(c) = c**3 + 45*c**2 - 259*c - 406. What is b(-50)?
44
Let t(y) = 2*y**3 - 170*y**2 - 97*y - 6458. What is t(86)?
-8
Let c(n) = n**3 + 13*n**2 + 27*n + 24. What is c(-10)?
54
Let a(j) = -315*j + 2201. Give a(7).
-4
Let c(g) = 95*g + 1525. What is c(-16)?
5
Let k(c) = 5*c**2 + 363*c - 205. Give k(-73).
-59
Let v(z) = 10*z - 120. What is v(13)?
10
Let l(p) = -10*p**2 + 69*p + 26. Give l(7).
19
Let p(s) = -6*s + 141. Give p(-31).
327
Let u(y) = -8*y + 224. Calculate u(27).
8
Let b(z) = -36*z - 281. What is b(-17)?
331
Let y(d) = -d**2 + 82*d - 388. Calculate y(77).
-3
Let y(w) = -48*w + 834. What is y(15)?
114
Let c(s) = s**2 + 7*s + 138. Determine c(-12).
198
Let f(u) = -182*u - 571. Give f(-6).
521
Let v(w) = -52*w - 4898. Calculate v(-95).
42
Let l(s) = s**3 + 31*s**2 + 22*s - 1054. Determine l(-29).
-10
Let f(c) = 2*c**2 - 280*c + 8343. Determine f(43).
1
Let q(c) = -c**2 + 567*c + 6942. What is q(-12)?
-6
Let d(c) = 2*c**3 + 61*c**2 + 39*c + 265. Calculate d(-30).
-5
Let z(v) = 2*v**3 + 46*v**2 + 124*v + 68. What is z(-20)?
-12
Let d(s) = s**2 - 71*s + 340. What is d(5)?
10
Let n(x) = -x**2 - 364*x + 3309. What is n(9)?
-48
Let f(z) = 20*z**2 + 275*z - 273. Determine f(1).
22
Let g(t) = -3*t**2 - 72*t - 29. Give g(-20).
211
Let q(z) = 233*z + 2321. De